19
Let a be (1 - 1) + (12 - 7). Let u = 5 - 2. What is the remainder when 1 - a - (-4 + -7) is divided by u?
1
Let z(a) be the third derivative of a**5/60 + a**4/4 + a**3/6 + 17*a**2. What is the remainder when z(-9) is divided by 11?
6
Let a(s) = s**3 + 11*s**2 + 11*s + 11. Let g be a(-10). Let z be -1 + g + 23 + 2. Suppose -4*h - 9 = -z. Calculate the remainder when 7 is divided by h.
3
Suppose 4*c + 4*i - 452 - 192 = 0, -2*c = i - 321. Calculate the remainder when c is divided by 38.
8
Let y = 247 + -220. Suppose -2*o + 3*u + 110 = -0*u, -4*o = -5*u - 218. What is the remainder when o is divided by y?
25
Calculate the remainder when 149 is divided by 30 + (-4 + -2 - -6)/(-4).
29
Suppose -5*x - 122 = -4*h, -x = 4*h + 36 - 2. Let u = 32 + x. Calculate the remainder when 14 is divided by u.
2
Let l = -17 + 24. Suppose 27 = 3*i + 5*b, 4 = i + 4*b - 5. Suppose -s + i*s - 208 = 0. What is the remainder when s is divided by l?
5
Let v(x) = 9 + 9 + 3 - 2 + 2*x. Let m be v(-8). Suppose 35 = m*l - 28. Calculate the remainder when 83 is divided by l.
20
What is the remainder when (4/14)/((-40)/(-104020)) is divided by 245?
8
Let i = -67 + 73. What is the remainder when 1*i*((-13)/(-2) - 5) is divided by 4?
1
Let n(j) = j**2 + 12*j - 9. Suppose -3*v - 454 = -5*g, 4*g + 4*v = 9*g - 452. Calculate the remainder when g is divided by n(-14).
16
Let r(v) = 33*v**2 - v + 1. What is the remainder when 66 is divided by r(-1)?
31
Calculate the remainder when 3/(84/1496) - 3/7 is divided by 14.
11
Suppose -5*z - 196 = 79. Suppose 0 = -4*j + 206 + 110. Let r = j + z. What is the remainder when 93 is divided by r?
21
Suppose 0*l - 6*l + 132 = 0. Suppose 4*r = -8, -2*n + 3*r = -n - l. What is the remainder when 27 is divided by n?
11
Suppose 4*c - 3399 - 2206 = -3*a, 0 = c - 4*a - 1425. What is the remainder when c is divided by 11?
8
Let i(p) = -2*p + 35. What is the remainder when 59 is divided by i(15)?
4
Let p be (-5 + 1 + 3)*-1. Let c = 54 + -32. Calculate the remainder when c is divided by p*4/14 - 440/(-77).
4
Let v be ((-1)/(-2))/(2 - (-35)/(-18)). Suppose -51 = -v*w + 6*w. Calculate the remainder when 81 is divided by w.
13
Calculate the remainder when 117 is divided by 6/4*(-4 - 136/(-12)).
7
Suppose 5 + 3 = -4*a. Let w(l) = 3*l**2 + 2 - 5 + 6 + 2*l - 1. What is the remainder when 17 is divided by w(a)?
7
Suppose 0 = 5*o - 17 - 23. Let j = 13 - o. Suppose -4*b + 13 + 15 = 4*z, 0 = -4*b + 3*z. Calculate the remainder when j is divided by b.
2
Let d = 48 + 15. What is the remainder when d is divided by 11?
8
Suppose 7*s = 15 - 316. Let h = 53 + s. What is the remainder when 79 is divided by h?
9
Suppose -6*v + 7*v - 38 = 0. Calculate the remainder when 187 is divided by v.
35
Let s(m) = 2*m + 12. What is the remainder when 100 is divided by s(5)?
12
Let z = 7 - 4. Let f = 36 + -15. Let n = -13 + f. Calculate the remainder when n is divided by z.
2
Let h = 619 - 423. Suppose -8*k = -h - 20. Suppose -y = 2*y - 42. What is the remainder when k is divided by y?
13
Suppose -5*o + 674 + 526 = 0. Suppose -i = -9*i + o. Calculate the remainder when 149 is divided by i.
29
Let x(z) = z**2 + 48*z + 285. What is the remainder when x(-43) is divided by 134/11 - (-2)/(-11)?
10
What is the remainder when 1473 is divided by 4 - (-7 - (-9 - -10))?
9
Let s = -97 - -120. Let p(g) = -g**3 + 16*g**2 + 2*g + 28. Calculate the remainder when p(16) is divided by s.
14
Suppose 4*y - 863 = -127. Suppose 14*q + y = 702. What is the remainder when 146 is divided by q?
35
Let m(i) = i**3 - 19*i**2 + 36*i + 3. Calculate the remainder when 286 is divided by m(17).
27
Suppose -9*p + 2784 = 7*p. Calculate the remainder when p is divided by 58.
0
What is the remainder when ((-39)/(-6) - 0)*(-131 - -137) is divided by -5*((-6)/(-2))/(-1)?
9
Let a = -85 - -44. Let i = a - -56. Calculate the remainder when 26 is divided by i.
11
Suppose -c = f - 9, -c - 6 = 2*f - 22. What is the remainder when 35 is divided by f?
0
Let q(v) be the first derivative of -v**2 - 13*v + 5. Let f be q(-7). Let a = 16 - f. Calculate the remainder when 27 is divided by a.
12
Suppose 0 = -4*b + 11*y - 6*y + 56, -5*b + 107 = 3*y. Calculate the remainder when 65 is divided by b.
8
Let w = 137 - -70. Calculate the remainder when w is divided by 81.
45
Let y = -11 - -13. Suppose -4*h = -5*z - 84, y*z - 26 = 2*h - 68. Calculate the remainder when 83 is divided by h.
20
Suppose 30*q - 20*q = 600. What is the remainder when q is divided by 6?
0
Let k be ((-10)/3)/(2/(-6)). Let y = -140 + 165. Let d = y - k. What is the remainder when 44 is divided by d?
14
Suppose 0*c = -5*c - 245. Let i = -26 - c. Calculate the remainder when i is divided by (9 - -3)*1/1.
11
Let g = 2 - -5. Let z = 42 - 38. Calculate the remainder when g is divided by z.
3
Suppose 2*u - 1 = -5*j, -19 = 2*u - j - 50. Calculate the remainder when (-6)/4*(-92)/6 is divided by u.
10
Let g(r) be the second derivative of -7*r**3/3 - 3*r**2 + 4*r. Let k = 6 - -7. Calculate the remainder when g(-4) is divided by k.
11
Suppose 5*h = -3*p - 97, -4*p + 2*h - 106 = 4*h. Let z = p - -61. Calculate the remainder when 145 is divided by z.
34
Let f(g) = 14*g - 261. Calculate the remainder when 30 is divided by f(20).
11
Suppose 5*t = -3*c - 11, 3*c - 4*t - 22 - 3 = 0. Suppose c*x - 132 = -x. What is the remainder when x is divided by 12?
9
Let h(p) = 9*p + 10. Let s(u) = -u - 1. Let w(n) = h(n) + 6*s(n). What is the remainder when 38 is divided by w(3)?
12
Let h(z) = 18*z**3 + 2*z**2 - 4*z - 8. Let c be h(5). Suppose s - 2*s + 41 = 0. Calculate the remainder when (-104)/(-28) + -4 + c/14 is divided by s.
39
Let w(a) = a**2 + 8*a + 11. Let d(h) = -h**2 + 6*h + 2. Let t be d(6). Suppose 32 = -0*n + t*n. What is the remainder when w(-11) is divided by n?
12
What is the remainder when 186 is divided by (-245)/(-9) - ((-200)/72 + 3)?
24
What is the remainder when 145 is divided by 32/(-56)*(-532)/8?
31
Let s = -588 + 863. What is the remainder when s is divided by 57?
47
Let a = -1374 - -1382. Let o = -44 + 65. Calculate the remainder when o is divided by a.
5
Let u = -1352 + 1467. What is the remainder when 589 is divided by u?
14
Let k(v) = -124*v + 882. Suppose 0*y - 3*y + 151 = z, 3*z + 5*y - 437 = 0. What is the remainder when z is divided by k(7)?
13
Let n be (-1)/(-6) + (-22)/(-12). Suppose v = -n + 6. Let o = 11 - v. What is the remainder when 19 is divided by o?
5
Suppose -3*b - 64 = -n + 25, -3*b = 2*n - 187. What is the remainder when 295 is divided by n?
19
Suppose -x - 30 = -4*l, -193*l - 13 = -194*l + 3*x. What is the remainder when ((-18)/(-5))/((-6)/(-80)) is divided by l?
6
Suppose -204 = -i - 2*i. Let f = 24 - -6. Let l = i - f. Calculate the remainder when l is divided by 13.
12
Let k = 86 - -446. Suppose -7*g = -3*g - k. What is the remainder when g is divided by 27?
25
Suppose -7 - 2 = -3*s. Suppose 0 = s*w + b - 23, 4*w + b + 11 = 42. Calculate the remainder when 21 is divided by w.
5
Let o = -2487 + 2512. Let q(i) = -4*i. Calculate the remainder when o is divided by q(-2).
1
Let g be (24/16)/(((-15)/680)/1). Let q = 16 - 29. Let v = q - g. Calculate the remainder when v is divided by 19.
17
Let g = 190 - 93. Let o(n) = 2*n**3 - 17*n**2 + 7*n + 22. Calculate the remainder when g is divided by o(8).
13
Suppose -3*i + 6 - 18 = 0, 2*i + 14 = a. Suppose -5*s + 357 = u + 84, 258 = 5*s - 4*u. Let d = s - 52. What is the remainder when a is divided by d?
0
Let n = -80 + 82. What is the remainder when 79 is divided by 4*(-219)/(-54) + n/(-9)?
15
Let z be (-23)/(-5) - 4/(-10). Calculate the remainder when 35 is divided by 44/z + (-4)/(-20).
8
Let a = 204 + -151. Calculate the remainder when 369 is divided by a.
51
Suppose 0*z - 3*z = -4*i - 44, -3*z + i = -38. Calculate the remainder when z is divided by (3/5)/(3/15).
0
Let j(x) = 6*x**2 - 5*x - 4. Calculate the remainder when j(-3) is divided by ((-46)/4)/(74/(-148)).
19
Suppose 304 = -k + 316. What is the remainder when 49 is divided by k?
1
Suppose -2*r + 2*i = -28, 4*r + 39 = 3*i + 97. What is the remainder when 54 is divided by r?
6
Suppose 5*u = -3*w + 96, u = -6*w + w + 160. Calculate the remainder when w is divided by 17.
15
Let s(c) = c + 6. Let t = -8 - -10. Let w be (2 - (t + -4)) + 1. What is the r